{"id":61,"date":"2016-05-14T10:13:04","date_gmt":"2016-05-14T08:13:04","guid":{"rendered":"http:\/\/tv-wallbach.ch.local\/?page_id=61"},"modified":"2023-01-17T21:49:14","modified_gmt":"2023-01-17T20:49:14","slug":"kinderturnen","status":"publish","type":"page","link":"http:\/\/tv-wallbach.ch\/?page_id=61","title":{"rendered":"Kinderturnen"},"content":{"rendered":"<p>&nbsp;<\/p>\n<p><strong>Kinderturnen &#8222;KiTu&#8220; stellt sich vor<\/strong><\/p>\n<p>&nbsp;<span class=\"fontstyle0\">Wir wollen auf spielerischer Art und Weise die Freude an der Bewegung f\u00f6rdern und den Kindern die Bewegungs- und Erfahrungsm\u00f6glichkeiten bieten, die sie f\u00fcr ihre gesunde und ganzheitliche Entwicklung ben\u00f6tigen. Mit viel Spass und Spiel sollen Sie ihre F\u00e4higkeiten und Grenzen ohne Leistungsdruck testen und erweitern k\u00f6nnen.<\/span><\/p>\n<p><span class=\"fontstyle0\">Unser vielseitiges Angebot lassen die Turnstunden zu einer abwechslungsreichen Bewegungsund Erlebniswelt werden. Wir widmen uns dem Thema Gesundheitsf\u00f6rderung und sorgen f\u00fcr eine \u00abbewegte\u00bb Kindheit. <\/span><\/p>\n<p><span class=\"fontstyle0\">KiTu legt somit den Grundstein f\u00fcr die Aus\u00fcbung aller Sportarten, einer nachhaltigen Bewegungsf\u00f6rderung und motiviert die Kinder f\u00fcr ein vielseitiges und m\u00f6glichst lebenslanges<br \/>\nSporttreiben.<\/span><\/p>\n<table style=\"border-collapse: collapse; width: 100%;\">\n<tbody>\n<tr>\n<td style=\"width: 21.211%;\"><strong>Zielgruppe<\/strong><\/td>\n<td style=\"width: 78.789%;\"><span class=\"fontstyle0\">f\u00fcr alle Kinder im kleinen und grossen Kindergarten<\/span><\/td>\n<\/tr>\n<tr>\n<td style=\"width: 21.211%;\"><strong>Trainingszeiten<\/strong><\/td>\n<td style=\"width: 78.789%;\">jeden Dienstag von 16:30 \u2013 17:30 in der Turnhalle Sandgrube in Wallbach (w\u00e4hrend den Schulferien und an Feiertagen findet kein KiTu statt)<\/td>\n<\/tr>\n<tr>\n<td style=\"width: 21.211%;\"><strong>Leiterteam<\/strong><\/td>\n<td style=\"width: 78.789%;\">Irene Allensbach, Eveline Guarda und Corinne Stocker<\/td>\n<\/tr>\n<tr>\n<td style=\"width: 21.211%;\"><strong>Kontakt<\/strong><\/td>\n<td style=\"width: 78.789%;\"><span style=\"font-size: 1.125rem;\">Corinne Stocker<br \/>\n<\/span><span style=\"font-size: 1.125rem;\">familystocker@gmx.ch<br \/>\n079 297 38 43&nbsp;<\/span><\/td>\n<\/tr>\n<\/tbody>\n<\/table>\n<h2 class=\"display-posts-title\">Aktuelle Beitr\u00e4ge<\/h2>\n<div class=\"display-posts-listing grid\"><div class=\"listing-item\"><a class=\"image\" href=\"http:\/\/tv-wallbach.ch\/?p=663\"><img loading=\"lazy\" decoding=\"async\" width=\"300\" height=\"280\" src=\"http:\/\/tv-wallbach.ch\/wp-content\/uploads\/2023\/01\/Kinderturnen-300x280.png\" class=\"attachment-medium size-medium wp-post-image\" alt=\"\" srcset=\"http:\/\/tv-wallbach.ch\/wp-content\/uploads\/2023\/01\/Kinderturnen-300x280.png 300w, http:\/\/tv-wallbach.ch\/wp-content\/uploads\/2023\/01\/Kinderturnen-128x119.png 128w, http:\/\/tv-wallbach.ch\/wp-content\/uploads\/2023\/01\/Kinderturnen-32x30.png 32w, http:\/\/tv-wallbach.ch\/wp-content\/uploads\/2023\/01\/Kinderturnen.png 410w\" sizes=\"auto, (max-width: 300px) 100vw, 300px\" \/><\/a> <a class=\"title\" href=\"http:\/\/tv-wallbach.ch\/?p=663\">Jahresbericht Kinderturnen<\/a><\/div><\/div>\n","protected":false},"excerpt":{"rendered":"<p>&nbsp; Kinderturnen &#8222;KiTu&#8220; stellt sich vor &nbsp;Wir wollen auf spielerischer Art und Weise die Freude an der Bewegung f\u00f6rdern und den Kindern die Bewegungs- und &hellip; <\/p>\n","protected":false},"author":1,"featured_media":695,"parent":12,"menu_order":2,"comment_status":"closed","ping_status":"closed","template":"","meta":{"footnotes":""},"class_list":["post-61","page","type-page","status-publish","has-post-thumbnail","hentry"],"_links":{"self":[{"href":"http:\/\/tv-wallbach.ch\/index.php?rest_route=\/wp\/v2\/pages\/61","targetHints":{"allow":["GET"]}}],"collection":[{"href":"http:\/\/tv-wallbach.ch\/index.php?rest_route=\/wp\/v2\/pages"}],"about":[{"href":"http:\/\/tv-wallbach.ch\/index.php?rest_route=\/wp\/v2\/types\/page"}],"author":[{"embeddable":true,"href":"http:\/\/tv-wallbach.ch\/index.php?rest_route=\/wp\/v2\/users\/1"}],"replies":[{"embeddable":true,"href":"http:\/\/tv-wallbach.ch\/index.php?rest_route=%2Fwp%2Fv2%2Fcomments&post=61"}],"version-history":[{"count":8,"href":"http:\/\/tv-wallbach.ch\/index.php?rest_route=\/wp\/v2\/pages\/61\/revisions"}],"predecessor-version":[{"id":696,"href":"http:\/\/tv-wallbach.ch\/index.php?rest_route=\/wp\/v2\/pages\/61\/revisions\/696"}],"up":[{"embeddable":true,"href":"http:\/\/tv-wallbach.ch\/index.php?rest_route=\/wp\/v2\/pages\/12"}],"wp:featuredmedia":[{"embeddable":true,"href":"http:\/\/tv-wallbach.ch\/index.php?rest_route=\/wp\/v2\/media\/695"}],"wp:attachment":[{"href":"http:\/\/tv-wallbach.ch\/index.php?rest_route=%2Fwp%2Fv2%2Fmedia&parent=61"}],"curies":[{"name":"wp","href":"https:\/\/api.w.org\/{rel}","templated":true}]}}

<p>&nbsp;</p>
<p><strong>Kinderturnen &#8222;KiTu&#8220; stellt sich vor</strong></p>
<p>&nbsp;<span class="fontstyle0">Wir wollen auf spielerischer Art und Weise die Freude an der Bewegung fördern und den Kindern die Bewegungs- und Erfahrungsmöglichkeiten bieten, die sie für ihre gesunde und ganzheitliche Entwicklung benötigen. Mit viel Spass und Spiel sollen Sie ihre Fähigkeiten und Grenzen ohne Leistungsdruck testen und erweitern können.</span></p>
<p><span class="fontstyle0">Unser vielseitiges Angebot lassen die Turnstunden zu einer abwechslungsreichen Bewegungsund Erlebniswelt werden. Wir widmen uns dem Thema Gesundheitsförderung und sorgen für eine «bewegte» Kindheit. </span></p>
<p><span class="fontstyle0">KiTu legt somit den Grundstein für die Ausübung aller Sportarten, einer nachhaltigen Bewegungsförderung und motiviert die Kinder für ein vielseitiges und möglichst lebenslanges<br />
Sporttreiben.</span></p>
<table style="border-collapse: collapse; width: 100%;">
<tbody>
<tr>
<td style="width: 21.211%;"><strong>Zielgruppe</strong></td>
<td style="width: 78.789%;"><span class="fontstyle0">für alle Kinder im kleinen und grossen Kindergarten</span></td>
</tr>
<tr>
<td style="width: 21.211%;"><strong>Trainingszeiten</strong></td>
<td style="width: 78.789%;">jeden Dienstag von 16:30 – 17:30 in der Turnhalle Sandgrube in Wallbach (während den Schulferien und an Feiertagen findet kein KiTu statt)</td>
</tr>
<tr>
<td style="width: 21.211%;"><strong>Leiterteam</strong></td>
<td style="width: 78.789%;">Irene Allensbach, Eveline Guarda und Corinne Stocker</td>
</tr>
<tr>
<td style="width: 21.211%;"><strong>Kontakt</strong></td>
<td style="width: 78.789%;"><span style="font-size: 1.125rem;">Corinne Stocker<br />
</span><span style="font-size: 1.125rem;">familystocker@gmx.ch<br />
079 297 38 43&nbsp;</span></td>
</tr>
</tbody>
</table>
<h2 class="display-posts-title">Aktuelle Beiträge</h2>
<div class="display-posts-listing grid"><div class="listing-item"><a class="image" href="http://tv-wallbach.ch/?p=663"><img loading="lazy" decoding="async" width="300" height="280" src="http://tv-wallbach.ch/wp-content/uploads/2023/01/Kinderturnen-300x280.png" class="attachment-medium size-medium wp-post-image" alt="" srcset="http://tv-wallbach.ch/wp-content/uploads/2023/01/Kinderturnen-300x280.png 300w, http://tv-wallbach.ch/wp-content/uploads/2023/01/Kinderturnen-128x119.png 128w, http://tv-wallbach.ch/wp-content/uploads/2023/01/Kinderturnen-32x30.png 32w, http://tv-wallbach.ch/wp-content/uploads/2023/01/Kinderturnen.png 410w" sizes="auto, (max-width: 300px) 100vw, 300px" /></a> <a class="title" href="http://tv-wallbach.ch/?p=663">Jahresbericht Kinderturnen</a></div></div>

<p>&nbsp; Kinderturnen &#8222;KiTu&#8220; stellt sich vor &nbsp;Wir wollen auf spielerischer Art und Weise die Freude an der Bewegung fördern und den Kindern die Bewegungs- und &hellip; </p>
