{"id":65,"date":"2016-05-14T10:13:52","date_gmt":"2016-05-14T08:13:52","guid":{"rendered":"http:\/\/tv-wallbach.ch.local\/?page_id=65"},"modified":"2024-10-25T13:19:15","modified_gmt":"2024-10-25T11:19:15","slug":"aktivriege","status":"publish","type":"page","link":"http:\/\/tv-wallbach.ch\/?page_id=65","title":{"rendered":"Aktivriege"},"content":{"rendered":"<p class=\"p1\"><strong>Die Aktivriege stellt sich vor<\/strong><\/p>\n<p>Die Aktivriege kn\u00fcpft nahtlos an die Jugi an. Bei uns ist man ab dem letzten Schuljahr herzlich willkommen, unsere \u00e4ltesten Mitturner sind ca. 30 Jahre alt. Unsere Trainings sind den Wettk\u00e4mpfen angepasst. So trainieren wir in der kalten Jahreszeit viel Unihockey, nehmen am Fricktaler und auch am Kantonalen Unihockeyturnier teil. Solange wir in der Halle sind, werden aber auch andere Ballsportarten gespielt: Allen voran Volleyball wo wir auch an Plauschturnieren teilnehmen. Die Turnstunden werden von einem Leiterteam abwechslungsreich gestaltet und so finden neben Ballsportarten zum Beispiel auch Krafttraining und Kondition ihren Platz.<\/p>\n<p>Sobald der Winter vor\u00fcber ist, verlagert sich unser Schwerpunkt auf die Turnfestvorbereitung. Neben den altbekannten Leichtathletikdisziplinen messen wir uns seit einigen Jahren auch im Fachtest Korbball. Dieser besteht aus drei jeweils 1.5 \u2013 3 min\u00fctigen Teamaufgaben, bei denen es um Korbw\u00fcrfe und sauberes Zusammenspiel geht. Neu werden wir vermutlich auch den Fachtest Allround ins Programm aufnehmen, bei diesem geht es um allgemeines Ballgeschick und Zusammenspiel. Wir sind stets offen f\u00fcr Neues und passen unser Programm laufend an.<\/p>\n<p>Neben dem Turnerischen spielt auch das Gesellige in unserer Riege eine grosse Rolle. Wenn die Turnhalle besetzt ist, gehen wir auch mal Bowlen, Minigolfspielen oder treffen uns im TV-H\u00fcttli. Zus\u00e4tzlich haben wir einige Riegenanl\u00e4sse \u00fcbers Jahr verteilt wie zum Beispiel: Turnfahrt, Grillanl\u00e4sse und Chlaushock. Daneben unternehmen wir auch einiges mit anderen Riegen zusammen wie beispielsweise das allj\u00e4hrliche Skiweekend.<\/p>\n<table style=\"border-collapse: collapse;\">\n<tbody>\n<tr>\n<td style=\"width: 21.211%;\"><strong>Zielgruppe<\/strong><\/td>\n<td style=\"width: 78.789%;\"><span class=\"fontstyle0\">f\u00fcr Jugendliche und Erwachsene ab 16 Jahren<\/span><\/td>\n<\/tr>\n<tr>\n<td style=\"width: 21.211%;\"><strong>Trainingszeiten<\/strong><\/td>\n<td style=\"width: 78.789%;\">Jeden Dienstag von 20:30 Uhr bis 22:00 Uhr in der Turnhalle Sandgrube in Wallbach.<br \/>\nW\u00e4hrend der Turnfestvorbereitung haben wir meist verl\u00e4ngerte Trainingszeiten und eventuell einen zweiten Trainingstag.<\/td>\n<\/tr>\n<tr>\n<td style=\"width: 21.211%;\"><strong>Kontakt<\/strong><\/td>\n<td style=\"width: 78.789%;\">Michi Herzog<br \/>\n076 594 97 23<\/p>\n<p>Belinda Hasler<br \/>\n079 366 47 87<\/td>\n<\/tr>\n<\/tbody>\n<\/table>\n<p class=\"p1\"><h2 class=\"display-posts-title\">Aktuelle Beitr\u00e4ge<\/h2>\n<div class=\"display-posts-listing grid\"><div class=\"listing-item\"><a class=\"image\" href=\"http:\/\/tv-wallbach.ch\/?p=831\"><img loading=\"lazy\" decoding=\"async\" width=\"225\" height=\"300\" src=\"http:\/\/tv-wallbach.ch\/wp-content\/uploads\/2026\/01\/Turnfahrt-2-225x300.jpeg\" class=\"attachment-medium size-medium wp-post-image\" alt=\"\" srcset=\"http:\/\/tv-wallbach.ch\/wp-content\/uploads\/2026\/01\/Turnfahrt-2-225x300.jpeg 225w, http:\/\/tv-wallbach.ch\/wp-content\/uploads\/2026\/01\/Turnfahrt-2-768x1024.jpeg 768w, http:\/\/tv-wallbach.ch\/wp-content\/uploads\/2026\/01\/Turnfahrt-2-1152x1536.jpeg 1152w, http:\/\/tv-wallbach.ch\/wp-content\/uploads\/2026\/01\/Turnfahrt-2-96x128.jpeg 96w, http:\/\/tv-wallbach.ch\/wp-content\/uploads\/2026\/01\/Turnfahrt-2-24x32.jpeg 24w, http:\/\/tv-wallbach.ch\/wp-content\/uploads\/2026\/01\/Turnfahrt-2.jpeg 1200w\" sizes=\"auto, (max-width: 225px) 100vw, 225px\" \/><\/a> <a class=\"title\" href=\"http:\/\/tv-wallbach.ch\/?p=831\">Bericht Turnfahrt Bielersee 2025<\/a><\/div><div class=\"listing-item\"><a class=\"image\" href=\"http:\/\/tv-wallbach.ch\/?p=827\"><img loading=\"lazy\" decoding=\"async\" width=\"300\" height=\"225\" src=\"http:\/\/tv-wallbach.ch\/wp-content\/uploads\/2025\/08\/TV-Wallbach-Teilnahme-Volleynight-300x225.jpg\" class=\"attachment-medium size-medium wp-post-image\" alt=\"\" srcset=\"http:\/\/tv-wallbach.ch\/wp-content\/uploads\/2025\/08\/TV-Wallbach-Teilnahme-Volleynight-300x225.jpg 300w, http:\/\/tv-wallbach.ch\/wp-content\/uploads\/2025\/08\/TV-Wallbach-Teilnahme-Volleynight-128x96.jpg 128w, http:\/\/tv-wallbach.ch\/wp-content\/uploads\/2025\/08\/TV-Wallbach-Teilnahme-Volleynight-32x24.jpg 32w, http:\/\/tv-wallbach.ch\/wp-content\/uploads\/2025\/08\/TV-Wallbach-Teilnahme-Volleynight.jpg 605w\" sizes=\"auto, (max-width: 300px) 100vw, 300px\" \/><\/a> <a class=\"title\" href=\"http:\/\/tv-wallbach.ch\/?p=827\">Warnung vor einer Schlechtschmetterfront in Stein AG<\/a><\/div><div class=\"listing-item\"><a class=\"image\" href=\"http:\/\/tv-wallbach.ch\/?p=771\"><img loading=\"lazy\" decoding=\"async\" width=\"300\" height=\"225\" src=\"http:\/\/tv-wallbach.ch\/wp-content\/uploads\/2024\/07\/Bild3-300x225.jpg\" class=\"attachment-medium size-medium wp-post-image\" alt=\"\" srcset=\"http:\/\/tv-wallbach.ch\/wp-content\/uploads\/2024\/07\/Bild3-300x225.jpg 300w, http:\/\/tv-wallbach.ch\/wp-content\/uploads\/2024\/07\/Bild3-128x96.jpg 128w, http:\/\/tv-wallbach.ch\/wp-content\/uploads\/2024\/07\/Bild3-32x24.jpg 32w, http:\/\/tv-wallbach.ch\/wp-content\/uploads\/2024\/07\/Bild3.jpg 491w\" sizes=\"auto, (max-width: 300px) 100vw, 300px\" \/><\/a> <a class=\"title\" href=\"http:\/\/tv-wallbach.ch\/?p=771\">Erfolgreiches Turnfest Sulz-Laufenburg 2024<\/a><\/div><div class=\"listing-item\"><a class=\"image\" href=\"http:\/\/tv-wallbach.ch\/?p=742\"><img loading=\"lazy\" decoding=\"async\" width=\"300\" height=\"161\" src=\"http:\/\/tv-wallbach.ch\/wp-content\/uploads\/2023\/07\/Turnfest-300x161.png\" class=\"attachment-medium size-medium wp-post-image\" alt=\"\" srcset=\"http:\/\/tv-wallbach.ch\/wp-content\/uploads\/2023\/07\/Turnfest-300x161.png 300w, http:\/\/tv-wallbach.ch\/wp-content\/uploads\/2023\/07\/Turnfest-768x412.png 768w, http:\/\/tv-wallbach.ch\/wp-content\/uploads\/2023\/07\/Turnfest-128x69.png 128w, http:\/\/tv-wallbach.ch\/wp-content\/uploads\/2023\/07\/Turnfest-32x17.png 32w, http:\/\/tv-wallbach.ch\/wp-content\/uploads\/2023\/07\/Turnfest.png 942w\" sizes=\"auto, (max-width: 300px) 100vw, 300px\" \/><\/a> <a class=\"title\" href=\"http:\/\/tv-wallbach.ch\/?p=742\">Turnfest 2023 in Lupfig-Scherz<\/a><\/div><div class=\"listing-item\"><a class=\"image\" href=\"http:\/\/tv-wallbach.ch\/?p=734\"><img loading=\"lazy\" decoding=\"async\" width=\"300\" height=\"225\" src=\"http:\/\/tv-wallbach.ch\/wp-content\/uploads\/2023\/06\/3c57ecda-1936-4dc8-9bdd-a71dda551483-300x225.jpg\" class=\"attachment-medium size-medium wp-post-image\" alt=\"\" srcset=\"http:\/\/tv-wallbach.ch\/wp-content\/uploads\/2023\/06\/3c57ecda-1936-4dc8-9bdd-a71dda551483-300x225.jpg 300w, http:\/\/tv-wallbach.ch\/wp-content\/uploads\/2023\/06\/3c57ecda-1936-4dc8-9bdd-a71dda551483-768x576.jpg 768w, http:\/\/tv-wallbach.ch\/wp-content\/uploads\/2023\/06\/3c57ecda-1936-4dc8-9bdd-a71dda551483-128x96.jpg 128w, http:\/\/tv-wallbach.ch\/wp-content\/uploads\/2023\/06\/3c57ecda-1936-4dc8-9bdd-a71dda551483-32x24.jpg 32w, http:\/\/tv-wallbach.ch\/wp-content\/uploads\/2023\/06\/3c57ecda-1936-4dc8-9bdd-a71dda551483.jpg 1024w\" sizes=\"auto, (max-width: 300px) 100vw, 300px\" \/><\/a> <a class=\"title\" href=\"http:\/\/tv-wallbach.ch\/?p=734\">Schlauchbootrennen 2023<\/a><\/div><div class=\"listing-item\"><a class=\"image\" href=\"http:\/\/tv-wallbach.ch\/?p=728\"><img loading=\"lazy\" decoding=\"async\" width=\"300\" height=\"225\" src=\"http:\/\/tv-wallbach.ch\/wp-content\/uploads\/2023\/06\/Volleynight-300x225.jpg\" class=\"attachment-medium size-medium wp-post-image\" alt=\"\" srcset=\"http:\/\/tv-wallbach.ch\/wp-content\/uploads\/2023\/06\/Volleynight-300x225.jpg 300w, http:\/\/tv-wallbach.ch\/wp-content\/uploads\/2023\/06\/Volleynight-128x96.jpg 128w, http:\/\/tv-wallbach.ch\/wp-content\/uploads\/2023\/06\/Volleynight-32x24.jpg 32w, http:\/\/tv-wallbach.ch\/wp-content\/uploads\/2023\/06\/Volleynight.jpg 642w\" sizes=\"auto, (max-width: 300px) 100vw, 300px\" \/><\/a> <a class=\"title\" href=\"http:\/\/tv-wallbach.ch\/?p=728\">Volleynight Stein 2023<\/a><\/div><div class=\"listing-item\"><a class=\"image\" href=\"http:\/\/tv-wallbach.ch\/?p=715\"><img loading=\"lazy\" decoding=\"async\" width=\"225\" height=\"300\" src=\"http:\/\/tv-wallbach.ch\/wp-content\/uploads\/2023\/03\/Skiweekend-2023-1-225x300.jpeg\" class=\"attachment-medium size-medium wp-post-image\" alt=\"\" srcset=\"http:\/\/tv-wallbach.ch\/wp-content\/uploads\/2023\/03\/Skiweekend-2023-1-225x300.jpeg 225w, http:\/\/tv-wallbach.ch\/wp-content\/uploads\/2023\/03\/Skiweekend-2023-1-768x1024.jpeg 768w, http:\/\/tv-wallbach.ch\/wp-content\/uploads\/2023\/03\/Skiweekend-2023-1-1152x1536.jpeg 1152w, http:\/\/tv-wallbach.ch\/wp-content\/uploads\/2023\/03\/Skiweekend-2023-1-96x128.jpeg 96w, http:\/\/tv-wallbach.ch\/wp-content\/uploads\/2023\/03\/Skiweekend-2023-1-24x32.jpeg 24w, http:\/\/tv-wallbach.ch\/wp-content\/uploads\/2023\/03\/Skiweekend-2023-1.jpeg 1536w\" sizes=\"auto, (max-width: 225px) 100vw, 225px\" \/><\/a> <a class=\"title\" href=\"http:\/\/tv-wallbach.ch\/?p=715\">Skiweekend 2023<\/a><\/div><div class=\"listing-item\"><a class=\"image\" href=\"http:\/\/tv-wallbach.ch\/?p=667\"><img loading=\"lazy\" decoding=\"async\" width=\"300\" height=\"142\" src=\"http:\/\/tv-wallbach.ch\/wp-content\/uploads\/2023\/01\/Aktivriege-8-300x142.png\" class=\"attachment-medium size-medium wp-post-image\" alt=\"\" srcset=\"http:\/\/tv-wallbach.ch\/wp-content\/uploads\/2023\/01\/Aktivriege-8-300x142.png 300w, http:\/\/tv-wallbach.ch\/wp-content\/uploads\/2023\/01\/Aktivriege-8-1024x485.png 1024w, http:\/\/tv-wallbach.ch\/wp-content\/uploads\/2023\/01\/Aktivriege-8-768x364.png 768w, http:\/\/tv-wallbach.ch\/wp-content\/uploads\/2023\/01\/Aktivriege-8-1536x728.png 1536w, http:\/\/tv-wallbach.ch\/wp-content\/uploads\/2023\/01\/Aktivriege-8-2048x970.png 2048w, http:\/\/tv-wallbach.ch\/wp-content\/uploads\/2023\/01\/Aktivriege-8-128x61.png 128w, http:\/\/tv-wallbach.ch\/wp-content\/uploads\/2023\/01\/Aktivriege-8-32x15.png 32w\" sizes=\"auto, (max-width: 300px) 100vw, 300px\" \/><\/a> <a class=\"title\" href=\"http:\/\/tv-wallbach.ch\/?p=667\">Jahresbericht Aktivriege<\/a><\/div><div class=\"listing-item\"><a class=\"image\" href=\"http:\/\/tv-wallbach.ch\/?p=642\"><img loading=\"lazy\" decoding=\"async\" width=\"225\" height=\"300\" src=\"http:\/\/tv-wallbach.ch\/wp-content\/uploads\/2022\/11\/SBR1-225x300.jpeg\" class=\"attachment-medium size-medium wp-post-image\" alt=\"\" srcset=\"http:\/\/tv-wallbach.ch\/wp-content\/uploads\/2022\/11\/SBR1-225x300.jpeg 225w, http:\/\/tv-wallbach.ch\/wp-content\/uploads\/2022\/11\/SBR1-768x1024.jpeg 768w, http:\/\/tv-wallbach.ch\/wp-content\/uploads\/2022\/11\/SBR1-1152x1536.jpeg 1152w, http:\/\/tv-wallbach.ch\/wp-content\/uploads\/2022\/11\/SBR1-96x128.jpeg 96w, http:\/\/tv-wallbach.ch\/wp-content\/uploads\/2022\/11\/SBR1-24x32.jpeg 24w, http:\/\/tv-wallbach.ch\/wp-content\/uploads\/2022\/11\/SBR1.jpeg 1536w\" sizes=\"auto, (max-width: 225px) 100vw, 225px\" \/><\/a> <a class=\"title\" href=\"http:\/\/tv-wallbach.ch\/?p=642\">Schluuchbootr\u00e4nne 2022<\/a><\/div><div class=\"listing-item\"><a class=\"image\" href=\"http:\/\/tv-wallbach.ch\/?p=632\"><img loading=\"lazy\" decoding=\"async\" width=\"300\" height=\"225\" src=\"http:\/\/tv-wallbach.ch\/wp-content\/uploads\/2022\/11\/Turnfahrt-2-300x225.jpg\" class=\"attachment-medium size-medium wp-post-image\" alt=\"\" srcset=\"http:\/\/tv-wallbach.ch\/wp-content\/uploads\/2022\/11\/Turnfahrt-2-300x225.jpg 300w, http:\/\/tv-wallbach.ch\/wp-content\/uploads\/2022\/11\/Turnfahrt-2-768x576.jpg 768w, http:\/\/tv-wallbach.ch\/wp-content\/uploads\/2022\/11\/Turnfahrt-2-128x96.jpg 128w, http:\/\/tv-wallbach.ch\/wp-content\/uploads\/2022\/11\/Turnfahrt-2-32x24.jpg 32w, http:\/\/tv-wallbach.ch\/wp-content\/uploads\/2022\/11\/Turnfahrt-2.jpg 873w\" sizes=\"auto, (max-width: 300px) 100vw, 300px\" \/><\/a> <a class=\"title\" href=\"http:\/\/tv-wallbach.ch\/?p=632\">Die Aktivriege hoch hinaus<\/a><\/div><\/div><\/p>\n","protected":false},"excerpt":{"rendered":"<p>Die Aktivriege stellt sich vor Die Aktivriege kn\u00fcpft nahtlos an die Jugi an. Bei uns ist man ab dem letzten Schuljahr herzlich willkommen, unsere \u00e4ltesten &hellip; <\/p>\n","protected":false},"author":1,"featured_media":757,"parent":12,"menu_order":4,"comment_status":"closed","ping_status":"closed","template":"","meta":{"footnotes":""},"class_list":["post-65","page","type-page","status-publish","has-post-thumbnail","hentry"],"_links":{"self":[{"href":"http:\/\/tv-wallbach.ch\/index.php?rest_route=\/wp\/v2\/pages\/65","targetHints":{"allow":["GET"]}}],"collection":[{"href":"http:\/\/tv-wallbach.ch\/index.php?rest_route=\/wp\/v2\/pages"}],"about":[{"href":"http:\/\/tv-wallbach.ch\/index.php?rest_route=\/wp\/v2\/types\/page"}],"author":[{"embeddable":true,"href":"http:\/\/tv-wallbach.ch\/index.php?rest_route=\/wp\/v2\/users\/1"}],"replies":[{"embeddable":true,"href":"http:\/\/tv-wallbach.ch\/index.php?rest_route=%2Fwp%2Fv2%2Fcomments&post=65"}],"version-history":[{"count":9,"href":"http:\/\/tv-wallbach.ch\/index.php?rest_route=\/wp\/v2\/pages\/65\/revisions"}],"predecessor-version":[{"id":789,"href":"http:\/\/tv-wallbach.ch\/index.php?rest_route=\/wp\/v2\/pages\/65\/revisions\/789"}],"up":[{"embeddable":true,"href":"http:\/\/tv-wallbach.ch\/index.php?rest_route=\/wp\/v2\/pages\/12"}],"wp:featuredmedia":[{"embeddable":true,"href":"http:\/\/tv-wallbach.ch\/index.php?rest_route=\/wp\/v2\/media\/757"}],"wp:attachment":[{"href":"http:\/\/tv-wallbach.ch\/index.php?rest_route=%2Fwp%2Fv2%2Fmedia&parent=65"}],"curies":[{"name":"wp","href":"https:\/\/api.w.org\/{rel}","templated":true}]}}