{"id":67,"date":"2016-05-14T10:14:17","date_gmt":"2016-05-14T08:14:17","guid":{"rendered":"http:\/\/tv-wallbach.ch.local\/?page_id=67"},"modified":"2023-01-17T21:55:42","modified_gmt":"2023-01-17T20:55:42","slug":"fitnessriege","status":"publish","type":"page","link":"http:\/\/tv-wallbach.ch\/?page_id=67","title":{"rendered":"Fitnessriege"},"content":{"rendered":"<p class=\"p1\"><strong>Die Fitnessriege stellt sich vor<\/strong><\/p>\n<p>Wir sind eine Gruppe von 10-15 Turnerinnen und Turner, welche sich fit halten und Spass haben wollen. Kraft, Kondition und Beweglichkeit stehen auf dem Programm. Zum Abschluss der Turnstunde spielen wir bevorzugt Volleyball. Wer m\u00f6chte, kann jeweils im Juni mit einem Teil der Riege ein Turnfest besuchen. Dementsprechend wird ca. von M\u00e4rz bis Juni f\u00fcr diesen Anlass oder im Alternativprogramm trainiert. Nat\u00fcrlich darf auch der gesellige Teil nicht zu kurz kommen. Nach den Turnstunden treffen wir uns im Turnerh\u00fcsli oder im Fabriggli. Auch stehen Anl\u00e4sse wie Feuerabend und 3-K\u00f6nigs-Jass auf unserem Programm.<\/p>\n<table style=\"border-collapse: collapse; width: 100%;\">\n<tbody>\n<tr>\n<td style=\"width: 21.211%;\"><strong>Zielgruppe<\/strong><\/td>\n<td style=\"width: 78.789%;\"><span class=\"fontstyle0\">f\u00fcr alle Erwachsenen 35+<\/span><\/td>\n<\/tr>\n<tr>\n<td style=\"width: 21.211%;\"><strong>Trainingszeiten<\/strong><\/td>\n<td style=\"width: 78.789%;\">Jeden Donnerstag von 20.00-22.00 h in der Turnhalle Sandgrube Wallbach<\/td>\n<\/tr>\n<tr>\n<td style=\"width: 21.211%;\"><strong>Kontakt<\/strong><\/td>\n<td style=\"width: 78.789%;\"><span style=\"font-size: 1.125rem;\">Claudia Straumann<br \/>\n061 863 00 50 <\/span><\/td>\n<\/tr>\n<\/tbody>\n<\/table>\n<p class=\"p1\"><h2 class=\"display-posts-title\">Aktuelle Beitr\u00e4ge<\/h2>\n<div class=\"display-posts-listing grid\"><div class=\"listing-item\"><a class=\"image\" href=\"http:\/\/tv-wallbach.ch\/?p=771\"><img loading=\"lazy\" decoding=\"async\" width=\"300\" height=\"225\" src=\"http:\/\/tv-wallbach.ch\/wp-content\/uploads\/2024\/07\/Bild3-300x225.jpg\" class=\"attachment-medium size-medium wp-post-image\" alt=\"\" srcset=\"http:\/\/tv-wallbach.ch\/wp-content\/uploads\/2024\/07\/Bild3-300x225.jpg 300w, http:\/\/tv-wallbach.ch\/wp-content\/uploads\/2024\/07\/Bild3-128x96.jpg 128w, http:\/\/tv-wallbach.ch\/wp-content\/uploads\/2024\/07\/Bild3-32x24.jpg 32w, http:\/\/tv-wallbach.ch\/wp-content\/uploads\/2024\/07\/Bild3.jpg 491w\" sizes=\"auto, (max-width: 300px) 100vw, 300px\" \/><\/a> <a class=\"title\" href=\"http:\/\/tv-wallbach.ch\/?p=771\">Erfolgreiches Turnfest Sulz-Laufenburg 2024<\/a><\/div><div class=\"listing-item\"><a class=\"image\" href=\"http:\/\/tv-wallbach.ch\/?p=715\"><img loading=\"lazy\" decoding=\"async\" width=\"225\" height=\"300\" src=\"http:\/\/tv-wallbach.ch\/wp-content\/uploads\/2023\/03\/Skiweekend-2023-1-225x300.jpeg\" class=\"attachment-medium size-medium wp-post-image\" alt=\"\" srcset=\"http:\/\/tv-wallbach.ch\/wp-content\/uploads\/2023\/03\/Skiweekend-2023-1-225x300.jpeg 225w, http:\/\/tv-wallbach.ch\/wp-content\/uploads\/2023\/03\/Skiweekend-2023-1-768x1024.jpeg 768w, http:\/\/tv-wallbach.ch\/wp-content\/uploads\/2023\/03\/Skiweekend-2023-1-1152x1536.jpeg 1152w, http:\/\/tv-wallbach.ch\/wp-content\/uploads\/2023\/03\/Skiweekend-2023-1-96x128.jpeg 96w, http:\/\/tv-wallbach.ch\/wp-content\/uploads\/2023\/03\/Skiweekend-2023-1-24x32.jpeg 24w, http:\/\/tv-wallbach.ch\/wp-content\/uploads\/2023\/03\/Skiweekend-2023-1.jpeg 1536w\" sizes=\"auto, (max-width: 225px) 100vw, 225px\" \/><\/a> <a class=\"title\" href=\"http:\/\/tv-wallbach.ch\/?p=715\">Skiweekend 2023<\/a><\/div><div class=\"listing-item\"><a class=\"image\" href=\"http:\/\/tv-wallbach.ch\/?p=678\"><img loading=\"lazy\" decoding=\"async\" width=\"300\" height=\"225\" src=\"http:\/\/tv-wallbach.ch\/wp-content\/uploads\/2023\/01\/Fitness-6-300x225.jpg\" class=\"attachment-medium size-medium wp-post-image\" alt=\"\" srcset=\"http:\/\/tv-wallbach.ch\/wp-content\/uploads\/2023\/01\/Fitness-6-300x225.jpg 300w, http:\/\/tv-wallbach.ch\/wp-content\/uploads\/2023\/01\/Fitness-6-128x96.jpg 128w, http:\/\/tv-wallbach.ch\/wp-content\/uploads\/2023\/01\/Fitness-6-32x24.jpg 32w, http:\/\/tv-wallbach.ch\/wp-content\/uploads\/2023\/01\/Fitness-6.jpg 619w\" sizes=\"auto, (max-width: 300px) 100vw, 300px\" \/><\/a> <a class=\"title\" href=\"http:\/\/tv-wallbach.ch\/?p=678\">Jahresbericht Fitnessriege<\/a><\/div><\/div><\/p>\n","protected":false},"excerpt":{"rendered":"<p>Die Fitnessriege stellt sich vor Wir sind eine Gruppe von 10-15 Turnerinnen und Turner, welche sich fit halten und Spass haben wollen. Kraft, Kondition und &hellip; <\/p>\n","protected":false},"author":1,"featured_media":698,"parent":12,"menu_order":5,"comment_status":"closed","ping_status":"closed","template":"","meta":{"footnotes":""},"class_list":["post-67","page","type-page","status-publish","has-post-thumbnail","hentry"],"_links":{"self":[{"href":"http:\/\/tv-wallbach.ch\/index.php?rest_route=\/wp\/v2\/pages\/67","targetHints":{"allow":["GET"]}}],"collection":[{"href":"http:\/\/tv-wallbach.ch\/index.php?rest_route=\/wp\/v2\/pages"}],"about":[{"href":"http:\/\/tv-wallbach.ch\/index.php?rest_route=\/wp\/v2\/types\/page"}],"author":[{"embeddable":true,"href":"http:\/\/tv-wallbach.ch\/index.php?rest_route=\/wp\/v2\/users\/1"}],"replies":[{"embeddable":true,"href":"http:\/\/tv-wallbach.ch\/index.php?rest_route=%2Fwp%2Fv2%2Fcomments&post=67"}],"version-history":[{"count":5,"href":"http:\/\/tv-wallbach.ch\/index.php?rest_route=\/wp\/v2\/pages\/67\/revisions"}],"predecessor-version":[{"id":699,"href":"http:\/\/tv-wallbach.ch\/index.php?rest_route=\/wp\/v2\/pages\/67\/revisions\/699"}],"up":[{"embeddable":true,"href":"http:\/\/tv-wallbach.ch\/index.php?rest_route=\/wp\/v2\/pages\/12"}],"wp:featuredmedia":[{"embeddable":true,"href":"http:\/\/tv-wallbach.ch\/index.php?rest_route=\/wp\/v2\/media\/698"}],"wp:attachment":[{"href":"http:\/\/tv-wallbach.ch\/index.php?rest_route=%2Fwp%2Fv2%2Fmedia&parent=67"}],"curies":[{"name":"wp","href":"https:\/\/api.w.org\/{rel}","templated":true}]}}